{"id":10429,"date":"2019-03-17T20:10:17","date_gmt":"2019-03-17T19:10:17","guid":{"rendered":"http:\/\/osmirna.splet.arnes.si\/?page_id=10429"},"modified":"2019-12-22T09:38:48","modified_gmt":"2019-12-22T08:38:48","slug":"vaje-iz-angleskega-jezika-9-razred","status":"publish","type":"page","link":"https:\/\/osmirna.splet.arnes.si\/?page_id=10429","title":{"rendered":"Vaje iz angle\u0161kega jezika &#8211; 9. razred"},"content":{"rendered":"<p><a href=\"http:\/\/osmirna.splet.arnes.si\/files\/2019\/03\/Present-perfect.pdf\">Present perfect<\/a><\/p>\n<p><a href=\"http:\/\/osmirna.splet.arnes.si\/files\/2019\/03\/Present-perfect-past-simple1.pdf\">Present perfect past simple1<\/a><\/p>\n<p><a href=\"http:\/\/osmirna.splet.arnes.si\/files\/2019\/03\/Present-perfect-past-simple.pdf\">Present perfect past simple<\/a><\/p>\n<p><a href=\"http:\/\/osmirna.splet.arnes.si\/files\/2019\/03\/devetarji-module-4.pdf\">Module 4<\/a><\/p>\n<p><a href=\"http:\/\/osmirna.splet.arnes.si\/files\/2019\/03\/environment-whales-and-dolphins.pdf\">Environment &#8211; whales and dolphins<\/a><\/p>\n<p><a href=\"http:\/\/osmirna.splet.arnes.si\/files\/2019\/03\/Messages-4-Module-1-1.pdf\">Messages 4 Module 1<\/a><\/p>\n<p><a href=\"http:\/\/osmirna.splet.arnes.si\/files\/2019\/03\/Besedi\u0161\u010de-Module-2.pdf\">Besedi\u0161\u010de Module 2<\/a><\/p>\n<p><a href=\"http:\/\/osmirna.splet.arnes.si\/files\/2019\/03\/Listenig-and-watching-the-highest-footbal-pitch.pdf\">Listenig and watching the highest footbal pitch<\/a><\/p>\n<p><a href=\"http:\/\/osmirna.splet.arnes.si\/files\/2019\/03\/Module-2-slovni\u010dne-vaje.pdf\">Module 2 slovni\u010dne vaje<\/a><\/p>\n<p><a href=\"http:\/\/osmirna.splet.arnes.si\/files\/2019\/03\/Used-to.pdf\">Used to<\/a><\/p>\n","protected":false},"excerpt":{"rendered":"<p>Present perfect Present perfect past simple1 Present perfect past simple Module 4 Environment &#8211; whales and dolphins Messages 4 Module 1 Besedi\u0161\u010de Module 2 Listenig and watching the highest footbal pitch Module 2 slovni\u010dne&#46;&#46;&#46;<\/p>\n","protected":false},"author":5692,"featured_media":0,"parent":0,"menu_order":0,"comment_status":"closed","ping_status":"closed","template":"","meta":{"ngg_post_thumbnail":0,"footnotes":""},"class_list":["post-10429","page","type-page","status-publish","hentry"],"_links":{"self":[{"href":"https:\/\/osmirna.splet.arnes.si\/index.php?rest_route=\/wp\/v2\/pages\/10429","targetHints":{"allow":["GET"]}}],"collection":[{"href":"https:\/\/osmirna.splet.arnes.si\/index.php?rest_route=\/wp\/v2\/pages"}],"about":[{"href":"https:\/\/osmirna.splet.arnes.si\/index.php?rest_route=\/wp\/v2\/types\/page"}],"author":[{"embeddable":true,"href":"https:\/\/osmirna.splet.arnes.si\/index.php?rest_route=\/wp\/v2\/users\/5692"}],"replies":[{"embeddable":true,"href":"https:\/\/osmirna.splet.arnes.si\/index.php?rest_route=%2Fwp%2Fv2%2Fcomments&post=10429"}],"version-history":[{"count":5,"href":"https:\/\/osmirna.splet.arnes.si\/index.php?rest_route=\/wp\/v2\/pages\/10429\/revisions"}],"predecessor-version":[{"id":12445,"href":"https:\/\/osmirna.splet.arnes.si\/index.php?rest_route=\/wp\/v2\/pages\/10429\/revisions\/12445"}],"wp:attachment":[{"href":"https:\/\/osmirna.splet.arnes.si\/index.php?rest_route=%2Fwp%2Fv2%2Fmedia&parent=10429"}],"curies":[{"name":"wp","href":"https:\/\/api.w.org\/{rel}","templated":true}]}}