{"id":302,"date":"2015-08-04T09:53:14","date_gmt":"2015-08-04T07:53:14","guid":{"rendered":"http:\/\/osmirna.splet.arnes.si\/?page_id=302"},"modified":"2026-04-13T10:26:02","modified_gmt":"2026-04-13T08:26:02","slug":"jedilnik-sola","status":"publish","type":"page","link":"https:\/\/osmirna.splet.arnes.si\/?page_id=302","title":{"rendered":"Jedilnik &#8211; \u0161ola"},"content":{"rendered":"\n<div class=\"wp-block-group\"><div class=\"wp-block-group__inner-container is-layout-flow wp-block-group-is-layout-flow\">\n<p style=\"text-align: center\"><em><strong>JEDILNIK od 13. 4. do 17. 4. 2026<\/strong><\/em><\/p>\n<table width=\"100%\">\n<tbody>\n<tr>\n<td width=\"10%\">\n<p><strong>DAN<\/strong><\/p>\n<\/td>\n<td width=\"22%\">\n<p><strong>ZAJTRK<\/strong><\/p>\n<\/td>\n<td width=\"33%\">\n<p><strong>DOPOLDANSKA MALICA<\/strong><\/p>\n<\/td>\n<td width=\"33%\">\n<p><strong>KOSILO<\/strong><\/p>\n<\/td>\n<\/tr>\n<tr>\n<td width=\"10%\">\n<p><strong>Ponedeljek<\/strong><\/p>\n<\/td>\n<td width=\"22%\">\n<p>Namaz iz kisle smetane (7), koruzni kruh (1A), rezana paprika, sadje, \u010daj<\/p>\n<\/td>\n<td width=\"33%\">\n<p>Namaz iz kisle smetane (7), koruzni kruh (1A), rezana paprika, sadje, \u010daj<\/p>\n<\/td>\n<td width=\"33%\">\n<p>Kremna kolerabna juha, testenine s tunino omako (1A, 3), zeljnata solata s fi\u017eolom, \u010daj<\/p>\n<\/td>\n<\/tr>\n<tr>\n<td width=\"10%\">\n<p><strong>&nbsp;<\/strong><\/p>\n<p><strong>Torek<\/strong><\/p>\n<p><strong>&nbsp;<\/strong><\/p>\n<\/td>\n<td width=\"22%\">\n<p>Polbela makovka (1A), doma\u010de mleko (7), sadje, brusnice (12)<\/p>\n<\/td>\n<td width=\"33%\">\n<p>Polbela makovka (1A), doma\u010d jagodni jogurt (7), sadje, brusnice (12)<\/p>\n<\/td>\n<td width=\"33%\">\n<p>Koren\u010dkova kremna juha, mesno-zelenjavna musaka z mletim mesom (3, 7), pesa v solati, voda<\/p>\n<\/td>\n<\/tr>\n<tr>\n<td width=\"10%\">\n<p><strong>Sreda<\/strong><\/p>\n<\/td>\n<td width=\"22%\">\n<p>Salama pi\u0161\u010dan\u010dje prsi, polbeli kruh s semeni (1A), mini paradi\u017enik, sadje, \u010daj<\/p>\n<\/td>\n<td width=\"33%\">\n<p>Salama pi\u0161\u010dan\u010dje prsi, polbeli kruh s semeni (1A), mini paradi\u017enik, sadje, \u010daj<\/p>\n<\/td>\n<td width=\"33%\">\n<p>Kremna juha iz zelene (9), puranja ri\u017eota z zelenjavo, riban sir (7), zelena solata z naribanim korenjem, doma\u010d pomaran\u010dni sok<\/p>\n<\/td>\n<\/tr>\n<tr>\n<td width=\"10%\">\n<p><strong>\u010cetrtek<\/strong><\/p>\n<\/td>\n<td width=\"22%\">\n<p>Mle\u010dni mo\u010dnik z doma\u010dim mlekom (1A, 3, 7), le\u0161nikov posip (8B), sadje<\/p>\n<\/td>\n<td width=\"33%\">\n<p>Mle\u010dni mo\u010dnik z doma\u010dim mlekom (1A, 3, 7), le\u0161nikov posip (8B), sadje<\/p>\n<\/td>\n<td width=\"33%\">\n<p>Le\u010dina juha, pope\u010den sir za \u017ear (7), ajdova ka\u0161a v solati, doma\u010d jabol\u010dni kompot<\/p>\n<\/td>\n<\/tr>\n<tr>\n<td width=\"10%\">\n<p><strong>Petek<\/strong><\/p>\n<\/td>\n<td width=\"22%\">\n<p>Rezan sir (7), polnozrnat kruh (1A), rezine korenja, sadje, \u010daj<\/p>\n<\/td>\n<td width=\"33%\">\n<p>Rezan sir (7), polnozrnat kruh (1A), rezine korenja, sadje, \u010daj<\/p>\n<\/td>\n<td width=\"33%\">\n<p>Krompirjev gola\u017e z EKO govejim mesom in BIO zelenjavo, r\u017eeni kruh (1AB), buhtelj z marmelado (1A, 3, 7), voda<\/p>\n<\/td>\n<\/tr>\n<\/tbody>\n<\/table>\n<p>Kuhinja si v primeru objektivnih razlogov pridru\u017euje pravico do spremembe jedilnikov.&nbsp; &nbsp; &nbsp; &nbsp; &nbsp; &nbsp; &nbsp; &nbsp; &nbsp; &nbsp; &nbsp; &nbsp; &nbsp; &nbsp; &nbsp; &nbsp; DOBER TEK!&nbsp;&nbsp;&nbsp;&nbsp;&nbsp;&nbsp;&nbsp;&nbsp;&nbsp;&nbsp;&nbsp;&nbsp;&nbsp;&nbsp;&nbsp;&nbsp;&nbsp;&nbsp;&nbsp;&nbsp;&nbsp;&nbsp;&nbsp;&nbsp;&nbsp;&nbsp;&nbsp;&nbsp;&nbsp;<\/p>\n<p>&nbsp;<\/p>\n<p style=\"text-align: center\"><em><strong>JEDILNIK od 20. 4. do 24. 4. 2026<\/strong><\/em><\/p>\n<table width=\"100%\">\n<tbody>\n<tr>\n<td width=\"10%\">\n<p><strong>DAN<\/strong><\/p>\n<\/td>\n<td width=\"22%\">\n<p><strong>ZAJTRK<\/strong><\/p>\n<\/td>\n<td width=\"33%\">\n<p><strong>DOPOLDANSKA MALICA<\/strong><\/p>\n<\/td>\n<td width=\"33%\">\n<p><strong>KOSILO<\/strong><\/p>\n<\/td>\n<\/tr>\n<tr>\n<td width=\"10%\">\n<p><strong>Ponedeljek<\/strong><\/p>\n<\/td>\n<td width=\"22%\">\n<p>Pirin zdrob na doma\u010dem mleku (1AC, 7), ko\u0161\u010dek temne \u010dokolade, suho sadje, sadje<\/p>\n<\/td>\n<td width=\"33%\">\n<p>Pirin zdrob na doma\u010dem mleku (1AC, 7), ko\u0161\u010dek temne \u010dokolade, suho sadje, sadje<\/p>\n<\/td>\n<td width=\"33%\">\n<p>Milijonska juha (1A, 3), skutni svaljki z drobtinicami in bu\u010dkino omako (1A, 3, 7), pesa v solati, \u010daj<\/p>\n<\/td>\n<\/tr>\n<tr>\n<td width=\"10%\">\n<p><strong>&nbsp;<\/strong><\/p>\n<p><strong>Torek<\/strong><\/p>\n<p><strong>&nbsp;<\/strong><\/p>\n<\/td>\n<td width=\"22%\">\n<p>Doma\u010d jaj\u010dni namaz (3, 7), kisle kumarice, koruzni kruh (1A), bela kava brez sladkorja z doma\u010dim mlekom (1A, 6, 7), sadje<\/p>\n<\/td>\n<td width=\"33%\">\n<p>Doma\u010d jaj\u010dni namaz (3, 7), kisle kumarice, koruzni kruh (1A), bela kava brez sladkorja z doma\u010dim mlekom (1A, 6, 7), sadje<\/p>\n<\/td>\n<td width=\"33%\">\n<p>Goveja juha z zakuho (1A, 3, 9), EKO kuhana govedina, \u0161pina\u010dna omaka (1A, 7), pra\u017een krompir, \u010daj<\/p>\n<\/td>\n<\/tr>\n<tr>\n<td width=\"10%\">\n<p><strong>Sreda<\/strong><\/p>\n<\/td>\n<td width=\"22%\">\n<p>Doma\u010de mleko (7), BIO ri\u017eevi napihnjenci, r\u017eena \u017eemlja (1AB), sadje<\/p>\n<\/td>\n<td width=\"33%\">\n<p>Sadno-zelenjavni kefir (7), BIO ri\u017eevi napihnjenci, r\u017eena \u017eemlja (1AB), sadje<\/p>\n<\/td>\n<td width=\"33%\">\n<p>Lososova juha (4), \u0161pageti bolognese (1A, 3), riban sir (7), zelena solata s fi\u017eolom, doma\u010da limonada<\/p>\n<\/td>\n<\/tr>\n<tr>\n<td width=\"10%\">\n<p><strong>\u010cetrtek<\/strong><\/p>\n<\/td>\n<td width=\"22%\">\n<p>Doma\u010d \u010dokoladni namaz (6, 7, 8B), \u010drni kruh (1A), sadje, \u010daj<\/p>\n<\/td>\n<td width=\"33%\">\n<p>Doma\u010d \u010dokoladni namaz (6, 7, 8B), \u010drni kruh (1A), sadje, \u010daj<\/p>\n<\/td>\n<td width=\"33%\">\n<p>Bu\u010dna kremna juha, pi\u0161\u010dan\u010dji zrezki v gobovi omaki, doma\u010da kruhova rezina (1A, 3, 7), kitajsko zelje v solati s fi\u017eolom, \u010daj<\/p>\n<\/td>\n<\/tr>\n<tr>\n<td width=\"10%\">\n<p><strong>Petek<\/strong><\/p>\n<\/td>\n<td width=\"22%\">\n<p>Pica \u0161tru\u010dka (1A, 7), rezine korenja, sadje, \u010daj<\/p>\n<\/td>\n<td width=\"33%\">\n<p>Pica \u0161tru\u010dka (1A, 7), rezine korenja, sadje, LCA napitek brez dodanega sladkorja in sladil<\/p>\n<\/td>\n<td width=\"33%\">\n<p>Ri\u010det z mesom (1D), pisani kruh (1A), doma\u010d puding s smetano (7)<\/p>\n<\/td>\n<\/tr>\n<\/tbody>\n<\/table>\n<p>Kuhinja si v primeru objektivnih razlogov pridru\u017euje pravico do spremembe jedilnikov.&nbsp; &nbsp; &nbsp; &nbsp; &nbsp; &nbsp; &nbsp; &nbsp; &nbsp; &nbsp; &nbsp; &nbsp; &nbsp; &nbsp; &nbsp; &nbsp; &nbsp; &nbsp; DOBER TEK!<\/p>\n<p>&nbsp;&nbsp;&nbsp;&nbsp;&nbsp;&nbsp;&nbsp;&nbsp;&nbsp;&nbsp;&nbsp;&nbsp;&nbsp;&nbsp;&nbsp;&nbsp;&nbsp;&nbsp;&nbsp;&nbsp;&nbsp;&nbsp;&nbsp;&nbsp;&nbsp;&nbsp;&nbsp;&nbsp;&nbsp;&nbsp;&nbsp;&nbsp;&nbsp;&nbsp;&nbsp;&nbsp;&nbsp;&nbsp;&nbsp;&nbsp;&nbsp;&nbsp;&nbsp;&nbsp;&nbsp;&nbsp;&nbsp;&nbsp;&nbsp;&nbsp;&nbsp;&nbsp;&nbsp;&nbsp;&nbsp;&nbsp;&nbsp;&nbsp;&nbsp;&nbsp;&nbsp;&nbsp;&nbsp;&nbsp;&nbsp;&nbsp;&nbsp;&nbsp;&nbsp;&nbsp;&nbsp;&nbsp;&nbsp;&nbsp;&nbsp;&nbsp;&nbsp;&nbsp;&nbsp;&nbsp;&nbsp;&nbsp;&nbsp;&nbsp;&nbsp;&nbsp;&nbsp;&nbsp;&nbsp;&nbsp;&nbsp;&nbsp;&nbsp;&nbsp;&nbsp;&nbsp;&nbsp;&nbsp;&nbsp;&nbsp;&nbsp;&nbsp;&nbsp;&nbsp;&nbsp;&nbsp;&nbsp;&nbsp;&nbsp;&nbsp;&nbsp;&nbsp;&nbsp;&nbsp;&nbsp;&nbsp;&nbsp;&nbsp;&nbsp;&nbsp;&nbsp;&nbsp;&nbsp;&nbsp;&nbsp;&nbsp;&nbsp;&nbsp;&nbsp;&nbsp;&nbsp;&nbsp;&nbsp;&nbsp;&nbsp;&nbsp;&nbsp;&nbsp;&nbsp;&nbsp;&nbsp;&nbsp;&nbsp;&nbsp;&nbsp;&nbsp;&nbsp;&nbsp;&nbsp;&nbsp;&nbsp;&nbsp;&nbsp;&nbsp;&nbsp;&nbsp;&nbsp;&nbsp;&nbsp;&nbsp;&nbsp;&nbsp;&nbsp;&nbsp;&nbsp; &nbsp; &nbsp; &nbsp; &nbsp; &nbsp; &nbsp; &nbsp; &nbsp; &nbsp; &nbsp; &nbsp; &nbsp; &nbsp; &nbsp; &nbsp; &nbsp; &nbsp; &nbsp; &nbsp; &nbsp; &nbsp; &nbsp; &nbsp; &nbsp; &nbsp; &nbsp; &nbsp; &nbsp; &nbsp; &nbsp; &nbsp; &nbsp; &nbsp; &nbsp; &nbsp; &nbsp; &nbsp; &nbsp; &nbsp; &nbsp; &nbsp; &nbsp; &nbsp; &nbsp; &nbsp; &nbsp; &nbsp; &nbsp; &nbsp; &nbsp; &nbsp; &nbsp; &nbsp; &nbsp; &nbsp; &nbsp; &nbsp; &nbsp; &nbsp; &nbsp; &nbsp; &nbsp; &nbsp; &nbsp; &nbsp; &nbsp; &nbsp; &nbsp; &nbsp; &nbsp; &nbsp; &nbsp;&nbsp;<\/p>\n<table style=\"border-collapse: collapse;width: 100%\" border=\"1\">\n<tbody>\n<tr>\n<td style=\"width: 100%\">\n<p>SNOVI ALI PROIZVODI, KI POVZRO\u010cAJO ALERGIJE ALI PREOB\u010cUTLJIVOSTI:<\/p>\n<\/td>\n<\/tr>\n<tr>\n<td style=\"width: 100%\">\n<p>1. \u017dITA, KI VSEBUJEJO GLUTEN (A &#8211; P\u0160ENICA, B- R\u017d, C &#8211; PIRA, \u010c &#8211; KAMUT, D \u2013 JE\u010cMEN, E &#8211; OVES); 2. RAKI IN PROIZVODI IZ NJIH; 3. JAJCA IN PROIZVODI IZ NJIH; 4. RIBE IN PROIZVODI IZ NJIH; 5. ARA\u0160IDI (KIKIRIKI) IN PROIZVODI IZ NJIH; 6. ZRNI SOJE IN PROIZVODI; 7. MLEKO IN MLE\u010cNI PROIZVODI (KI VSEBUJEJO LAKTOZO); 8. ORE\u0160KI (A \u2013 MANDLJI, B \u2013 LE\u0160NIKI, C \u2013 OREHI, \u010c \u2013 INDIJSKI ORE\u0160\u010cKI, D \u2013 AMERI\u0160KI OREHI, E BRAZILSKI ORE\u0160\u010cKI, F \u2013 PISTACIJA, G \u2013 MAKEDAMIJA) ; 9. LISTNA ZELENA IN PROIZVODI IZ NJE; 10. GOR\u010cI\u010cNO SEME IN PROIZVODI IZ NJEGA; 11. SEZAMOVO SEME IN PROIZVODI IZ NJEGA; 12. \u017dVEPLOV DIOKSID IN SULFITI V KONCENTRACIJI VE\u010c KOT 10 MG\/KG ALI 10 MG\/L GLEDE NA SKUPNI SO2; 13. VOL\u010cJI BOB IN PROIZVODI IZ NJEGA; 14. MEHKU\u017dCI IN PROIZVODI IZ NJIH.<\/p>\n<\/td>\n<\/tr>\n<\/tbody>\n<\/table>\n<p style=\"text-align: center\">&nbsp;<\/p>\n<\/div><\/div>\n\n\n\n<p>V O\u0160 Mirna&nbsp;uporabljamo &#8220;MESO IZ SEVNICE&#8221;<\/p>\n\n\n\n<p>Kme\u010dke zadruge Sevnica<\/p>\n\n\n<div class=\"wp-block-image\">\n<figure class=\"aligncenter\"><a href=\"http:\/\/osmirna.splet.arnes.si\/files\/2015\/08\/izbranakakovostSI-1.jpg\"><img loading=\"lazy\" decoding=\"async\" width=\"203\" height=\"203\" src=\"https:\/\/osmirna.splet.arnes.si\/files\/2015\/08\/izbranakakovostSI-1.jpg\" alt=\"Izdelki, ki so pridelani in predelani v Sloveniji\" class=\"wp-image-10259\" srcset=\"https:\/\/osmirna.splet.arnes.si\/files\/2015\/08\/izbranakakovostSI-1.jpg 203w, https:\/\/osmirna.splet.arnes.si\/files\/2015\/08\/izbranakakovostSI-1-150x150.jpg 150w, https:\/\/osmirna.splet.arnes.si\/files\/2015\/08\/izbranakakovostSI-1-160x160.jpg 160w, https:\/\/osmirna.splet.arnes.si\/files\/2015\/08\/izbranakakovostSI-1-320x320.jpg 320w\" sizes=\"auto, (max-width: 203px) 100vw, 203px\" \/><\/a><figcaption class=\"wp-element-caption\">Logotip \u00bbizbrana kakovost \u2013 Slovenija\u00ab<\/figcaption><\/figure>\n<\/div>\n\n\n<p>VSA GOVEDINA V NJIHOVIH PRODAJALNAH JE VKLJU\u010cENA V NACIONALNO SHEMO<\/p>\n\n\n\n<p>&#8220;IZBRANA KAKOVOST SLOVENIJE&#8221;,&nbsp;KI POTRO\u0160NIKOM ZAGOTAVLJA,<\/p>\n\n\n\n<p>DA PRODAJAJO GOVEJE MESO \u017dIVALI, KI SO&nbsp;VZREJENE&nbsp;IN PREDELANE V SLOVENIJI.<\/p>\n","protected":false},"excerpt":{"rendered":"<p>JEDILNIK od 13. 4. do 17. 4. 2026 DAN ZAJTRK DOPOLDANSKA MALICA KOSILO Ponedeljek Namaz iz kisle smetane (7), koruzni kruh (1A), rezana paprika, sadje, \u010daj Namaz iz kisle smetane (7), koruzni kruh (1A),&#46;&#46;&#46;<\/p>\n","protected":false},"author":5692,"featured_media":0,"parent":0,"menu_order":0,"comment_status":"closed","ping_status":"closed","template":"","meta":{"ngg_post_thumbnail":0,"footnotes":""},"class_list":["post-302","page","type-page","status-publish","hentry"],"_links":{"self":[{"href":"https:\/\/osmirna.splet.arnes.si\/index.php?rest_route=\/wp\/v2\/pages\/302","targetHints":{"allow":["GET"]}}],"collection":[{"href":"https:\/\/osmirna.splet.arnes.si\/index.php?rest_route=\/wp\/v2\/pages"}],"about":[{"href":"https:\/\/osmirna.splet.arnes.si\/index.php?rest_route=\/wp\/v2\/types\/page"}],"author":[{"embeddable":true,"href":"https:\/\/osmirna.splet.arnes.si\/index.php?rest_route=\/wp\/v2\/users\/5692"}],"replies":[{"embeddable":true,"href":"https:\/\/osmirna.splet.arnes.si\/index.php?rest_route=%2Fwp%2Fv2%2Fcomments&post=302"}],"version-history":[{"count":15,"href":"https:\/\/osmirna.splet.arnes.si\/index.php?rest_route=\/wp\/v2\/pages\/302\/revisions"}],"predecessor-version":[{"id":35712,"href":"https:\/\/osmirna.splet.arnes.si\/index.php?rest_route=\/wp\/v2\/pages\/302\/revisions\/35712"}],"wp:attachment":[{"href":"https:\/\/osmirna.splet.arnes.si\/index.php?rest_route=%2Fwp%2Fv2%2Fmedia&parent=302"}],"curies":[{"name":"wp","href":"https:\/\/api.w.org\/{rel}","templated":true}]}}