{"id":31986,"date":"2025-03-02T18:15:06","date_gmt":"2025-03-02T17:15:06","guid":{"rendered":"https:\/\/osmirna.splet.arnes.si\/?page_id=31986"},"modified":"2025-03-02T18:19:23","modified_gmt":"2025-03-02T17:19:23","slug":"projekt-pasavcek","status":"publish","type":"page","link":"https:\/\/osmirna.splet.arnes.si\/?page_id=31986","title":{"rendered":"Projekt Pasav\u010dek"},"content":{"rendered":"<div><span style=\"color: #000000\">PROJEKT PASAV\u010cEK<\/span><\/div>\n<div>&nbsp;<\/div>\n<div><span style=\"color: #000000\">Projekt Pasav\u010dek izvajamo pod okriljem Sveta za preventivo in vzgojo v cestnem prometu pri Javni agenciji Republike Slovenije za varnost prometa.<\/span><\/div>\n<div>&nbsp;<\/div>\n<div><span style=\"color: #000000\">Osnovni cilj projekta je ozave\u0161\u010danje in spodbujanje odraslih ter otrok k pravilni uporabi otro\u0161kih varnostnih sede\u017eev ter varnostnih pasov med vo\u017enjo. Slogan projekta se glasi Red je vedno pas pripet. Lutka Pasav\u010dek otroke spodbuja in opozarja, da med vo\u017enjo pravilno sedijo in se pripnejo z varnostnim pasom.<\/span><\/div>\n<div>&nbsp;<\/div>\n<div><span style=\"color: #000000\">V okviru projekta z otroki v vrtcu izvajamo razli\u010dne preventivne dejavnosti. Kar nekaj izvirnih in pomembnih vsebin se je letos odvilo s skrbno na\u010drtovanimi dejavnostmi pod okriljem na\u0161ih strokovnih delavcev.<\/span><\/div>\n<div>\n<div id=\"attachment_31988\" style=\"width: 610px\" class=\"wp-caption aligncenter\"><a href=\"https:\/\/osmirna.splet.arnes.si\/files\/2025\/03\/pasavcek25.jpg\"><img loading=\"lazy\" decoding=\"async\" aria-describedby=\"caption-attachment-31988\" class=\"wp-image-31988 size-full\" src=\"https:\/\/osmirna.splet.arnes.si\/files\/2025\/03\/pasavcek25.jpg\" alt=\"Otroci v sede\u017eu\" width=\"600\" height=\"800\" srcset=\"https:\/\/osmirna.splet.arnes.si\/files\/2025\/03\/pasavcek25.jpg 600w, https:\/\/osmirna.splet.arnes.si\/files\/2025\/03\/pasavcek25-225x300.jpg 225w\" sizes=\"auto, (max-width: 600px) 100vw, 600px\" \/><\/a><p id=\"caption-attachment-31988\" class=\"wp-caption-text\"><span style=\"color: #000000\">Projekt Pasav\u010dek<\/span><\/p><\/div>\n<\/div>\n","protected":false},"excerpt":{"rendered":"<p>PROJEKT PASAV\u010cEK &nbsp; Projekt Pasav\u010dek izvajamo pod okriljem Sveta za preventivo in vzgojo v cestnem prometu pri Javni agenciji Republike Slovenije za varnost prometa. &nbsp; Osnovni cilj projekta je ozave\u0161\u010danje in spodbujanje odraslih ter&#46;&#46;&#46;<\/p>\n","protected":false},"author":12656,"featured_media":0,"parent":0,"menu_order":0,"comment_status":"closed","ping_status":"closed","template":"","meta":{"ngg_post_thumbnail":0,"footnotes":""},"class_list":["post-31986","page","type-page","status-publish","hentry"],"_links":{"self":[{"href":"https:\/\/osmirna.splet.arnes.si\/index.php?rest_route=\/wp\/v2\/pages\/31986","targetHints":{"allow":["GET"]}}],"collection":[{"href":"https:\/\/osmirna.splet.arnes.si\/index.php?rest_route=\/wp\/v2\/pages"}],"about":[{"href":"https:\/\/osmirna.splet.arnes.si\/index.php?rest_route=\/wp\/v2\/types\/page"}],"author":[{"embeddable":true,"href":"https:\/\/osmirna.splet.arnes.si\/index.php?rest_route=\/wp\/v2\/users\/12656"}],"replies":[{"embeddable":true,"href":"https:\/\/osmirna.splet.arnes.si\/index.php?rest_route=%2Fwp%2Fv2%2Fcomments&post=31986"}],"version-history":[{"count":5,"href":"https:\/\/osmirna.splet.arnes.si\/index.php?rest_route=\/wp\/v2\/pages\/31986\/revisions"}],"predecessor-version":[{"id":31992,"href":"https:\/\/osmirna.splet.arnes.si\/index.php?rest_route=\/wp\/v2\/pages\/31986\/revisions\/31992"}],"wp:attachment":[{"href":"https:\/\/osmirna.splet.arnes.si\/index.php?rest_route=%2Fwp%2Fv2%2Fmedia&parent=31986"}],"curies":[{"name":"wp","href":"https:\/\/api.w.org\/{rel}","templated":true}]}}