{"id":3271,"date":"2015-04-14T20:43:23","date_gmt":"2015-04-14T18:43:23","guid":{"rendered":"http:\/\/osmirna.splet.arnes.si\/?page_id=3271"},"modified":"2016-09-06T20:45:12","modified_gmt":"2016-09-06T18:45:12","slug":"praznoverja-po-evropi","status":"publish","type":"page","link":"https:\/\/osmirna.splet.arnes.si\/?page_id=3271","title":{"rendered":"Praznoverja po Evropi"},"content":{"rendered":"<p>Od meseca marca dalje smo se priklju\u010dili \u0161e enemu projektu. Projekt vodi \u0161ola iz Tur\u010dije, v projektu pa sodelujemo \u0161e \u0161ole iz Poljske, \u0160panije in Slovenije. Projekt je namenjen raziskovanju praznoverij v Evropi. Osmo\u0161olci in sedmo\u0161olci so \u017ee napisali svoje predstavitve, ki so objavljene na naslednji povezavi:<br \/>\n<a href=\"http:\/\/twinspace.etwinning.net\/7300\/home\">http:\/\/twinspace.etwinning.net\/7300\/home<\/a><\/p>\n<p>Potem sledi \u0161e predstavitev praznoverij po posameznih dr\u017eavah.<\/p>\n<p><a href=\"http:\/\/osmirna.splet.arnes.si\/files\/2016\/09\/praznoverja.jpg\"><img loading=\"lazy\" decoding=\"async\" class=\"aligncenter size-full wp-image-3273\" src=\"http:\/\/osmirna.splet.arnes.si\/files\/2016\/09\/praznoverja.jpg\" alt=\"praznoverja\" width=\"650\" height=\"366\" srcset=\"https:\/\/osmirna.splet.arnes.si\/files\/2016\/09\/praznoverja.jpg 650w, https:\/\/osmirna.splet.arnes.si\/files\/2016\/09\/praznoverja-300x169.jpg 300w\" sizes=\"auto, (max-width: 650px) 100vw, 650px\" \/><\/a><\/p>\n","protected":false},"excerpt":{"rendered":"<p>Od meseca marca dalje smo se priklju\u010dili \u0161e enemu projektu. Projekt vodi \u0161ola iz Tur\u010dije, v projektu pa sodelujemo \u0161e \u0161ole iz Poljske, \u0160panije in Slovenije. Projekt je namenjen raziskovanju praznoverij v Evropi. Osmo\u0161olci&#46;&#46;&#46;<\/p>\n","protected":false},"author":5692,"featured_media":0,"parent":0,"menu_order":0,"comment_status":"closed","ping_status":"closed","template":"","meta":{"ngg_post_thumbnail":0,"footnotes":""},"class_list":["post-3271","page","type-page","status-publish","hentry"],"_links":{"self":[{"href":"https:\/\/osmirna.splet.arnes.si\/index.php?rest_route=\/wp\/v2\/pages\/3271","targetHints":{"allow":["GET"]}}],"collection":[{"href":"https:\/\/osmirna.splet.arnes.si\/index.php?rest_route=\/wp\/v2\/pages"}],"about":[{"href":"https:\/\/osmirna.splet.arnes.si\/index.php?rest_route=\/wp\/v2\/types\/page"}],"author":[{"embeddable":true,"href":"https:\/\/osmirna.splet.arnes.si\/index.php?rest_route=\/wp\/v2\/users\/5692"}],"replies":[{"embeddable":true,"href":"https:\/\/osmirna.splet.arnes.si\/index.php?rest_route=%2Fwp%2Fv2%2Fcomments&post=3271"}],"version-history":[{"count":2,"href":"https:\/\/osmirna.splet.arnes.si\/index.php?rest_route=\/wp\/v2\/pages\/3271\/revisions"}],"predecessor-version":[{"id":3274,"href":"https:\/\/osmirna.splet.arnes.si\/index.php?rest_route=\/wp\/v2\/pages\/3271\/revisions\/3274"}],"wp:attachment":[{"href":"https:\/\/osmirna.splet.arnes.si\/index.php?rest_route=%2Fwp%2Fv2%2Fmedia&parent=3271"}],"curies":[{"name":"wp","href":"https:\/\/api.w.org\/{rel}","templated":true}]}}