{"id":360,"date":"2015-09-13T12:07:39","date_gmt":"2015-09-13T10:07:39","guid":{"rendered":"http:\/\/osmirna.splet.arnes.si\/?page_id=360"},"modified":"2025-02-19T22:21:31","modified_gmt":"2025-02-19T21:21:31","slug":"eko-sola-2","status":"publish","type":"page","link":"https:\/\/osmirna.splet.arnes.si\/?page_id=360","title":{"rendered":"EKO \u0161ola"},"content":{"rendered":"<p style=\"text-align: center\"><span style=\"color: #000000\">PROJEKT EKOLO\u0160KA \u0160OLA<\/span><\/p>\n<p><span style=\"color: #000000\">V zavodu O\u0160 Mirna se zavedamo, da moramo z eko vsebinami in okoljsko problematiko seznanjati \u017ee najmlaj\u0161e otroke v vrtcu in u\u010dence v O\u0160. \u017diveti moramo v spoznanju, da sta obstoj in prihodnost sveta odvisna od ravnanja vsakega izmed nas.<\/span><\/p>\n<p><span style=\"color: #000000\">Glavni cilji projekta so:<\/span><\/p>\n<ul>\n<li><span style=\"color: #000000\">Vzgoja otrok, mladostnikov za zdrav na\u010din \u017eivljenja.<\/span><\/li>\n<li><span style=\"color: #000000\">Navajanje na odgovorno ravnanje s hrano.<\/span><\/li>\n<li><span style=\"color: #000000\">Vzpostavljanje odgovornega odnosa do \u017eive, ne\u017eive narave in zavedanja lastne odgovornosti.<\/span><\/li>\n<li><span style=\"color: #000000\">Navajanje na racionalno rabo pitne vode, energetskih virov in surovin.<\/span><\/li>\n<li><span style=\"color: #000000\">Navajanje na lo\u010deno zbiranje odpadkov in zmanj\u0161evanje le teh.<\/span><\/li>\n<li><span style=\"color: #000000\">Ponovna uporaba odpadkov oz. recikliranje.<\/span><\/li>\n<li><span style=\"color: #000000\">Navajanje na uporabo naravnih materialov pri izdelavi izdelkov.<\/span><\/li>\n<li><span style=\"color: #000000\">S pomo\u010djo ekolo\u0161ke literature razvijati individualno kreativno mi\u0161ljenje.<\/span><\/li>\n<\/ul>\n<p><span style=\"color: #000000\">Dejavnosti s katerimi bomo \u0161irili okoljsko ozave\u0161\u010denost:<\/span><\/p>\n<ul>\n<li><span style=\"color: #000000\">lo\u010deno zbiranje odpadkov;<\/span><\/li>\n<li><span style=\"color: #000000\">zbiralne akcije (baterije, tonerji, kartu\u0161e, papir);<\/span><\/li>\n<li><span style=\"color: #000000\">urejanje okolice \u0161ole;<\/span><\/li>\n<li><span style=\"color: #000000\">sodelovanje z ZD in Komunalo Trebnje;<\/span><\/li>\n<li><span style=\"color: #000000\">sodelovanje v projektih Tradicionalni slovenski zajtrk, Shema \u0161olskega sadja, Deluj eko, ohrani \u010debelo in smreko, Mre\u017ea gozdnih vrtcev in \u0161ol Slovenije;<\/span><\/li>\n<li><span style=\"color: #000000\">dnevi dejavnosti z eko in zdravstvenimi vsebinami;<\/span><\/li>\n<li><span style=\"color: #000000\">Eko bralna zna\u010dka, Eko kviz, eko plakati in tematske razstave<\/span><\/li>\n<\/ul>\n<p><span style=\"color: #000000\">Vodja projekta Bojana Kova\u010di\u010d<\/span><\/p>\n<p style=\"text-align: center\">&nbsp;<\/p>\n","protected":false},"excerpt":{"rendered":"<p>PROJEKT EKOLO\u0160KA \u0160OLA V zavodu O\u0160 Mirna se zavedamo, da moramo z eko vsebinami in okoljsko problematiko seznanjati \u017ee najmlaj\u0161e otroke v vrtcu in u\u010dence v O\u0160. \u017diveti moramo v spoznanju, da sta obstoj&#46;&#46;&#46;<\/p>\n","protected":false},"author":5692,"featured_media":0,"parent":0,"menu_order":0,"comment_status":"closed","ping_status":"closed","template":"","meta":{"ngg_post_thumbnail":0,"footnotes":""},"class_list":["post-360","page","type-page","status-publish","hentry"],"_links":{"self":[{"href":"https:\/\/osmirna.splet.arnes.si\/index.php?rest_route=\/wp\/v2\/pages\/360","targetHints":{"allow":["GET"]}}],"collection":[{"href":"https:\/\/osmirna.splet.arnes.si\/index.php?rest_route=\/wp\/v2\/pages"}],"about":[{"href":"https:\/\/osmirna.splet.arnes.si\/index.php?rest_route=\/wp\/v2\/types\/page"}],"author":[{"embeddable":true,"href":"https:\/\/osmirna.splet.arnes.si\/index.php?rest_route=\/wp\/v2\/users\/5692"}],"replies":[{"embeddable":true,"href":"https:\/\/osmirna.splet.arnes.si\/index.php?rest_route=%2Fwp%2Fv2%2Fcomments&post=360"}],"version-history":[{"count":15,"href":"https:\/\/osmirna.splet.arnes.si\/index.php?rest_route=\/wp\/v2\/pages\/360\/revisions"}],"predecessor-version":[{"id":31843,"href":"https:\/\/osmirna.splet.arnes.si\/index.php?rest_route=\/wp\/v2\/pages\/360\/revisions\/31843"}],"wp:attachment":[{"href":"https:\/\/osmirna.splet.arnes.si\/index.php?rest_route=%2Fwp%2Fv2%2Fmedia&parent=360"}],"curies":[{"name":"wp","href":"https:\/\/api.w.org\/{rel}","templated":true}]}}

EKO šola

<p style="text-align: center"><span style="color: #000000">PROJEKT EKOLOŠKA ŠOLA</span></p>
<p><span style="color: #000000">V zavodu OŠ Mirna se zavedamo, da moramo z eko vsebinami in okoljsko problematiko seznanjati že najmlajše otroke v vrtcu in učence v OŠ. Živeti moramo v spoznanju, da sta obstoj in prihodnost sveta odvisna od ravnanja vsakega izmed nas.</span></p>
<p><span style="color: #000000">Glavni cilji projekta so:</span></p>
<ul>
<li><span style="color: #000000">Vzgoja otrok, mladostnikov za zdrav način življenja.</span></li>
<li><span style="color: #000000">Navajanje na odgovorno ravnanje s hrano.</span></li>
<li><span style="color: #000000">Vzpostavljanje odgovornega odnosa do žive, nežive narave in zavedanja lastne odgovornosti.</span></li>
<li><span style="color: #000000">Navajanje na racionalno rabo pitne vode, energetskih virov in surovin.</span></li>
<li><span style="color: #000000">Navajanje na ločeno zbiranje odpadkov in zmanjševanje le teh.</span></li>
<li><span style="color: #000000">Ponovna uporaba odpadkov oz. recikliranje.</span></li>
<li><span style="color: #000000">Navajanje na uporabo naravnih materialov pri izdelavi izdelkov.</span></li>
<li><span style="color: #000000">S pomočjo ekološke literature razvijati individualno kreativno mišljenje.</span></li>
</ul>
<p><span style="color: #000000">Dejavnosti s katerimi bomo širili okoljsko ozaveščenost:</span></p>
<ul>
<li><span style="color: #000000">ločeno zbiranje odpadkov;</span></li>
<li><span style="color: #000000">zbiralne akcije (baterije, tonerji, kartuše, papir);</span></li>
<li><span style="color: #000000">urejanje okolice šole;</span></li>
<li><span style="color: #000000">sodelovanje z ZD in Komunalo Trebnje;</span></li>
<li><span style="color: #000000">sodelovanje v projektih Tradicionalni slovenski zajtrk, Shema šolskega sadja, Deluj eko, ohrani čebelo in smreko, Mreža gozdnih vrtcev in šol Slovenije;</span></li>
<li><span style="color: #000000">dnevi dejavnosti z eko in zdravstvenimi vsebinami;</span></li>
<li><span style="color: #000000">Eko bralna značka, Eko kviz, eko plakati in tematske razstave</span></li>
</ul>
<p><span style="color: #000000">Vodja projekta Bojana Kovačič</span></p>
<p style="text-align: center">&nbsp;</p>

<p>PROJEKT EKOLOŠKA ŠOLA V zavodu OŠ Mirna se zavedamo, da moramo z eko vsebinami in okoljsko problematiko seznanjati že najmlajše otroke v vrtcu in učence v OŠ. Živeti moramo v spoznanju, da sta obstoj&#46;&#46;&#46;</p>
