{"id":82,"date":"2015-07-31T09:01:59","date_gmt":"2015-07-31T07:01:59","guid":{"rendered":"http:\/\/osmirna.splet.arnes.si\/?page_id=82"},"modified":"2025-02-19T20:44:53","modified_gmt":"2025-02-19T19:44:53","slug":"svetovalna-sluzba","status":"publish","type":"page","link":"https:\/\/osmirna.splet.arnes.si\/?page_id=82","title":{"rendered":"Svetovalna slu\u017eba"},"content":{"rendered":"<p><span style=\"color: #000000\">Naloga \u0161olske svetovalne slu\u017ebe je svetovanje tako u\u010dencem in njihovim star\u0161em, kakor zaposlenim na \u0161oli. Opravlja sodelovalno funkcijo med u\u010ditelji in vodstvom \u0161ole pri na\u010drtovanju, spremljanju in vrednotenju vzgojno-izobra\u017eevalnega dela.<\/span><\/p>\n<p><span style=\"color: #000000\">Med prvenstvene naloge se \u0161teje vklju\u010devanje in razvoj vseh u\u010dencev od vpisa v prvi razred do vpisa na srednje \u0161ole.<\/span><\/p>\n<p><span style=\"color: #000000\">U\u010dna pomo\u010d je eno izmed podro\u010dij dela \u0161olske svetovalne slu\u017ebe. U\u010dencem z u\u010dnimi primanjkljaji nudi pomo\u010d pri re\u0161evanju u\u010dnih te\u017eav, vzgojnih odstopanj. Hkrati skrbi za premagovanje socialnih in \u010dustvenih stisk.<\/span><\/p>\n<p>&nbsp;<\/p>\n<p><span style=\"color: #000000\">Na \u0161olsko svetovalno delavko se lahko obrnete vsak dan, med 7. in 15. uro.<\/span><\/p>\n<p>&nbsp;<\/p>\n<p style=\"padding-left: 400px\"><span style=\"color: #000000\">\u0160olska svetovalna delavka Lea Pov\u0161e<\/span><br \/>\n<span style=\"color: #000000\">telefon: 07 34 35 167<\/span><br \/>\n<span style=\"color: #000000\">e-naslov: <span style=\"color: #0000ff\"><a style=\"color: #0000ff\" href=\"ma&#105;&#108;&#116;&#111;&#x3a;&#x73;&#x76;&#x65;&#x74;ov&#97;&#108;&#110;&#97;&#x40;&#x6f;&#x73;&#x2d;&#x6d;ir&#110;&#97;&#46;&#115;&#x69;\">sv&#101;&#116;&#111;&#x76;&#x61;&#x6c;&#x6e;a&#64;&#111;&#115;&#45;&#x6d;&#x69;&#x72;&#x6e;a&#46;&#115;&#105;<\/a><\/span><\/span><\/p>\n","protected":false},"excerpt":{"rendered":"<p>Naloga \u0161olske svetovalne slu\u017ebe je svetovanje tako u\u010dencem in njihovim star\u0161em, kakor zaposlenim na \u0161oli. Opravlja sodelovalno funkcijo med u\u010ditelji in vodstvom \u0161ole pri na\u010drtovanju, spremljanju in vrednotenju vzgojno-izobra\u017eevalnega dela. Med prvenstvene naloge se&#46;&#46;&#46;<\/p>\n","protected":false},"author":5692,"featured_media":0,"parent":0,"menu_order":0,"comment_status":"open","ping_status":"open","template":"","meta":{"ngg_post_thumbnail":0,"footnotes":""},"class_list":["post-82","page","type-page","status-publish","hentry"],"_links":{"self":[{"href":"https:\/\/osmirna.splet.arnes.si\/index.php?rest_route=\/wp\/v2\/pages\/82","targetHints":{"allow":["GET"]}}],"collection":[{"href":"https:\/\/osmirna.splet.arnes.si\/index.php?rest_route=\/wp\/v2\/pages"}],"about":[{"href":"https:\/\/osmirna.splet.arnes.si\/index.php?rest_route=\/wp\/v2\/types\/page"}],"author":[{"embeddable":true,"href":"https:\/\/osmirna.splet.arnes.si\/index.php?rest_route=\/wp\/v2\/users\/5692"}],"replies":[{"embeddable":true,"href":"https:\/\/osmirna.splet.arnes.si\/index.php?rest_route=%2Fwp%2Fv2%2Fcomments&post=82"}],"version-history":[{"count":12,"href":"https:\/\/osmirna.splet.arnes.si\/index.php?rest_route=\/wp\/v2\/pages\/82\/revisions"}],"predecessor-version":[{"id":31793,"href":"https:\/\/osmirna.splet.arnes.si\/index.php?rest_route=\/wp\/v2\/pages\/82\/revisions\/31793"}],"wp:attachment":[{"href":"https:\/\/osmirna.splet.arnes.si\/index.php?rest_route=%2Fwp%2Fv2%2Fmedia&parent=82"}],"curies":[{"name":"wp","href":"https:\/\/api.w.org\/{rel}","templated":true}]}}