{"id":98,"date":"2015-07-31T09:29:59","date_gmt":"2015-07-31T07:29:59","guid":{"rendered":"http:\/\/osmirna.splet.arnes.si\/?page_id=98"},"modified":"2015-07-31T09:29:59","modified_gmt":"2015-07-31T07:29:59","slug":"solski-sklad-ustanovni-akt","status":"publish","type":"page","link":"https:\/\/osmirna.splet.arnes.si\/?page_id=98","title":{"rendered":"\u0160olski sklad &#8211; ustanovni akt"},"content":{"rendered":"<p>\u0160olski sklad osnovne \u0161ole Mirna<br \/>\nCesta na Fu\u017eine 1<\/p>\n<p>8233 Mirna<\/p>\n<p>Tel. 073435160<\/p>\n<p>Fax. 073435170<\/p>\n<p>e-naslov: <a href=\"mail&#116;&#111;&#58;&#111;&#45;&#x6d;&#x69;&#x72;&#x6e;&#x61;&#x2e;&#x6e;m&#64;gu&#101;&#115;&#116;&#46;&#97;&#x72;&#x6e;&#x65;&#x73;&#x2e;&#x73;&#x69;\">&#x6f;&#x2d;&#109;i&#x72;&#x6e;&#97;&#46;n&#x6d;&#x40;&#103;&#117;e&#x73;&#x74;&#46;ar&#x6e;&#x65;&#115;&#46;&#x73;&#x69;<\/a><\/p>\n<p>V \u0161olskem letu 2006\/2007 smo ustanovili \u0160olski sklad O\u0160 Mirna. Sklad bo ustanovljen z namenom, zagotoviti otrokom bolj\u0161o in ve\u010djo kakovost vzgojno-izobra\u017eevalnega programa, kamor sodijo obogatitveni vzgojno-izobra\u017eevalni programi, ki se ne financirajo iz javnih sredstev. Nadzor nad sredstvi \u0161olskega sklada ima upravni odbor, ki deluje v skladu s Pravilnikom in je sestavljen iz petih predstavnikov star\u0161ev, katerega predlaga svet star\u0161ev in treh predstavnikov \u0161ole, katere predlaga svet \u0161ole.<\/p>\n<p>PREDSTAVNIKI STAR\u0160EV:<\/p>\n<p>PREDSTAVNIKI \u0160OLE:<\/p>\n<p>&#8211; Anica Marin\u010di\u010d &#8211; ravnateljica<\/p>\n<p>&#8211; Vesna Kos &#8211; mentor \u0161olske skupnosti<\/p>\n<p>&#8211; Alenka Kozolc &#8211; ra\u010dunovodja<\/p>\n<p>DEJAVNOST SKLADA je pridobivanje sredstev iz:<\/p>\n<p>\u00b7 prispevkov star\u0161ev<\/p>\n<p>\u00b7 prispevkov ob\u010danov<\/p>\n<p>\u00b7 donacij<\/p>\n<p>\u00b7 zapu\u0161\u010din<\/p>\n<p>\u00b7 iz drugih virov<\/p>\n<p>NAMEN SKLADA:<\/p>\n<p>* nakup nadstandardne opreme (razli\u010dna igrala, avdio-video oprema&#8230;)<br \/>\n* zvi\u0161evanje standarda pouka (didakti\u010dna sredstva in pripomo\u010dki)<br \/>\n* financiranje dejavnosti in potreb posameznega razreda, ki niso sestavina vzgojno-izobra\u017eevalnega programa in se ne financirajo iz javnih sredstev (lutkovne predstave, gledali\u0161\u010de, okrogle mize&#8230;)<\/p>\n<p>Na podlagi 135. \u010dlena Zakona o organizaciji in financiranju vzgoje in izobra\u017eevanja (Ur.l. RS, \u0161t. 12\/91) je Upravni odbor \u0161olskega sklada Osnovne \u0161ole Mirna, dne 20.03.2007, sprejel naslednji pravilnik \u0161olskega sklada Osnovne \u0161ole Mirna.<\/p>\n<p>PRAVILNIK O DELOVANJU IN ORGANIZACIJI \u0160OLSKEGA SKLADA<\/p>\n<p>Pravilnik o delovanju in organizaciji \u0161olskega sklada<\/p>\n<p>I. SPLO\u0160NE DOLO\u010cBE<\/p>\n<p>1. \u010dlen<\/p>\n<p>Osnovna \u0161ola Mirna je na seji Sveta \u0161ole dne 27.02.2007 sprejela sklep, da ustanovi \u0161olski sklad.<\/p>\n<p>2. \u010dlen<br \/>\nS temi pravili ureja Upravni odbor sklada predvsem naslednje:<\/p>\n<p>\u00b7 ime, sede\u017e in dejavnost sklada,<\/p>\n<p>\u00b7 organizacijo sklada,<\/p>\n<p>\u00b7 pridobivanje sredstev sklada,<\/p>\n<p>\u00b7 obve\u0161\u010danje o poslovanju sklada.<\/p>\n<p>II. IME, SEDE\u017d IN DEJAVNOST SKLADA<\/p>\n<p>3. \u010dlen<\/p>\n<p>Ime sklada je: \u0160OLSKI SKLAD OSNOVNE \u0160OLE MIRNA, ki zajema Osnovno \u0161olo Mirna, vrtec -VVE Deteljica in Osnovno \u0161olo s prilagojenim programom-O\u0160PP\u00ab<\/p>\n<p>Skraj\u0161ano ime sklada je: &#8220;\u0160OLSKI SKLAD O\u0160 MIRNA&#8221;<\/p>\n<p>Sede\u017e sklada je: Cesta na Fu\u017eine 1, 8233 Mirna.<\/p>\n<p>\u0160tevilka podra\u010duna \u0160olskega sklada O\u0160 Mirna:<\/p>\n<p>01330-6030684306<\/p>\n<p>Sklic za O\u0160: 2919-100<\/p>\n<p>Sklic za O\u0160PP: 29190-110<\/p>\n<p>Sklic za VVE: 291900-120<\/p>\n<p>4. \u010dlen<\/p>\n<p>Sklad ima oz. uporablja pe\u010dat Osnovne \u0161ole Mirna, okrogle oblike s premerom 35 mm. Sklad uporablja tudi pe\u010dat s premerom 20 mm z enako vsebino, kot jo ima pe\u010dat iz prvega odstavka tega \u010dlena.<\/p>\n<p>5. \u010dlen<\/p>\n<p>Dejavnost sklada je pridobivanje sredstev iz prispevkov star\u0161ev, ob\u010danov, donacij, zapu\u0161\u010din in iz drugih virov.<\/p>\n<p>Namen sklada je financiranje dejavnosti in potreb posameznega razreda ali oddelka, ki niso sestavina izobra\u017eevalnega programa, oziroma se ne financirajo iz javnih sredstev, nakup nadstandardne opreme, zvi\u0161evanje standarda pouka in podobno.<\/p>\n<p>6. \u010dlen<\/p>\n<p>Sklad za opravljanje dejavnosti iz prej\u0161njega \u010dlena pridobiva sredstva tako, da obve\u0161\u010da javnost, predvsem pa star\u0161e u\u010dencev o potrebah po financiranju dejavnosti in potreb posameznega razreda, ki niso redni program in jih ustanovitelj ne financira, o potrebah po nakupu posebne opreme, ki je potrebna pri izvajanju izobra\u017eevalnih programov, o potrebah po strokovnih ekskurzijah in o potrebah po zvi\u0161anju standarda pouka, za kar iz rednih virov ni zadosti sredstev.<\/p>\n<p>7. \u010dlen<\/p>\n<p>Sklad zbira finan\u010dna sredstva na podra\u010dunu \u0161ole odprtem pri UJP &#8211; NOVO MESTO, \u0161tevilka ra\u010d. je 01330-6030684306, na katerega se nakazujejo sredstva pridobljena za namene iz prej\u0161njega \u010dlena. Ob enotnem podra\u010dunu \u0160olskega sklada se odprejo trije sklici in sicer za vsako enoto svojega (sklic za O\u0160 Mirna \u0161t. 2919-100, sklic za O\u0160PP \u0161t. 29190-110 in sklic za VVE Deteljica \u0161t. 291900-120)<\/p>\n<p>8. \u010dlen<\/p>\n<p>Upravni odbor sklada pripravi vsako leto program dela, ki je osnova za pridobivanje in porabo sredstev.<\/p>\n<p>9. \u010dlen<\/p>\n<p>Ko Upravni odbor ugotovi, da so na ra\u010dun prispela potrebna sredstva se ravna v skladu z Zakonom o javnih naro\u010dilih in sicer, \u010de je vrednost opreme nad 18.000\u20ac, razpi\u0161e javni razpis za izbiranje najbolj\u0161ega ponudnika in imenuje komisijo za odpiranje ponudb in oblikovanje predloga nabave. Komisija po zaklju\u010denem razpisnem postopku odpre prispele ponudbe, oblikuje predlog najugodnej\u0161ega ponudnika in predlaga Upravnemu odboru izbiro.<\/p>\n<p>Upravni odbor izbere najugodnej\u0161ega ponudnika, izbranega ponudnika in ostale, ki so se na razpis prijavili o tem obvesti, po preteku prito\u017ebenega roka pa z izbranim ponudnikom podpi\u0161e pogodbo o nakupu opreme.<\/p>\n<p>10. \u010dlen<\/p>\n<p>\u010ce vrednost kupljenega ne presega 18.000\u20ac, razpisni postopek ni potreben, potrebno pa je opraviti primerjavo vsaj med tremi ponudniki.<\/p>\n<p>11. \u010dlen<\/p>\n<p>Sklad za svoje obveznosti odgovarja s sredstvi, ki jih zbira in s katerimi razpolaga. Sklad nastopa v pravnem prometu v svojem imenu in za svoj ra\u010dun.<\/p>\n<p>12. \u010dlen<\/p>\n<p>Upravni odbor sklada zagotavlja nabavo novih sredstev v skladu s programom razvoja \u0161ole ter v skladu z zbranimi sredstvi za teko\u010de leto.<\/p>\n<p>III. PREDSTAVLJANJE IN ZASTOPANJE SKLADA<\/p>\n<p>13. \u010dlen<\/p>\n<p>Sklad zastopa in predstavlja skrbnik-predsednik Upravnega odbora sklada. Skrbnik sklada je poobla\u0161\u010den, da v imenu in za ra\u010dun sklada po predhodni odobritvi Upravnega odbora \u0160S sklepa vse pogodbe ter opravlja druge pravne posle. Skrbnik-predsednik Upravnega odbora sklada zastopa sklad navzven neomejeno.<\/p>\n<p>14. \u010dlen<\/p>\n<p>Administrativno-tehni\u010dna opravila za sklad opravlja strokovna slu\u017eba \u0161ole.<\/p>\n<p>15. \u010dlen<\/p>\n<p>Vse listine finan\u010dne narave podpisujeta za sklad predsednik Upravnega odbora sklada, v njegovi odsotnosti podpredsednik in ra\u010dunovodja \u0161ole.<\/p>\n<p>IV. ORGANIZACIJA SKLADA<\/p>\n<p>16. \u010dlen<\/p>\n<p>Notranjo organizacijo sklada dolo\u010da zakon o organizaciji in financiranju vzgoje in izobra\u017eevanja.<\/p>\n<p>V. ORGANI SKLADA<\/p>\n<p>Upravni odbor sklada<\/p>\n<p>17. \u010dlen<\/p>\n<p>Upravni odbor sklada sestavljajo predstavniki star\u0161ev in predstavniki delavcev \u0161ole in sicer:<\/p>\n<p>\u00b7 trije predstavniki \u0161ole, ki jih predlaga Svet \u0161ole (predvidoma ravnatelj \u0161ole, ra\u010dunovodja in mentor \u0161olske skupnosti),<\/p>\n<p>\u00b7 pet predstavnikov star\u0161ev, ki jih predlaga Svet star\u0161ev (star\u0161e predstavljajo trije predstavniki \u0161ole, en predstavnik vrtca in en predstavnik O\u0160PP).<\/p>\n<p>Volitve Upravnega odbora sklada potekajo na Svetu \u0161ole (predstavniki delavcev \u0161ole) oz. na Svetu star\u0161ev (predstavniki star\u0161ev).<\/p>\n<p>Na prvi seji Upravnega odbora sklada \u010dlani odbora izmed sebe izvolijo predsednika Upravnega odbora sklada, ki je praviloma izvoljen\/a izmed star\u0161ev in namestnika\/co predsednika, ki je praviloma izvoljen\/a izmed delavcev \u0161ole ter zapisnikarja oz. zapisni\u010darko.<\/p>\n<p>18. \u010dlen<\/p>\n<p>Mandat \u010dlanov Upravnega odbora je dve leti z mo\u017enostjo ponovne izvolitve. Predstavnikom star\u0161ev v Upravnem odboru lahko preneha funkcija pred potekom mandata na lastno \u017eeljo, zaradi zunanjih okoli\u0161\u010din (prenehanje zaposlitve, status u\u010denca) ali pa je odpoklican. V tem primeru se izvedejo nadomestne volitve oziroma imenovanje.<\/p>\n<p>19. \u010dlen<\/p>\n<p>Upravni odbor sklada sprejema program oz. plan dela, za katerega podlago pripravijo strokovni delavci Osnovne \u0161ole Mirna.<\/p>\n<p>\u00b7 sprejema pravila sklada,<\/p>\n<p>\u00b7 sprejema letni program dela in poro\u010dilo o njegovem izvajanju,<\/p>\n<p>\u00b7 dolo\u010di finan\u010dni na\u010drt in sprejema zaklju\u010dni ra\u010dun sklada,<\/p>\n<p>\u00b7 obravnava mnenja in predloge sveta star\u0161ev o pomo\u010di in odlo\u010da o njih,<\/p>\n<p>\u00b7 odlo\u010da o nakupu nadstandardne opreme na podlagi izvedenih javnih razpisov,<\/p>\n<p>\u00b7 odlo\u010da o morebitnih prito\u017ebah star\u0161ev v zvezi s \u0161olskim skladom<\/p>\n<p>\u00b7 sklepa pogodbe vezane na finance pridobljene v skladu, ipd.,<\/p>\n<p>\u00b7 opravlja druge pristojnosti po zakonu.<\/p>\n<p>20. \u010dlen<\/p>\n<p>Volitve v Upravni odbor sklada razpi\u0161e odbor najkasneje 30 dni pred potekom mandata. Ob razpisu odbor opozori Svet \u0161ole, da predlaga svoje predstavnike v odbor, svet star\u0161ev pa, da opravi imenovanje Upravnega odbora. Do konstituiranja novega odbora opravlja pristojnosti odbora prej\u0161nji odbor.<\/p>\n<p>21. \u010dlen<\/p>\n<p>Kandidiranje predstavnikov delavcev \u0161ole se opravi na Svetu \u0161ole najmanj 15 dni pred imenovanjem.<\/p>\n<p>22. \u010dlen<\/p>\n<p>Upravni odbor sklada se konstituira na prvi seji, ki jo skli\u010de in vodi dosedanji predsednik odbora do izvolitve novega predsednika. Odbor je konstituiran, ko je izvoljen novi predsednik in njegov namestnik in dolo\u010den stalni zapisnikar.<\/p>\n<p>23. \u010dlen<\/p>\n<p>Upravni odbor sklada je sklep\u010den, \u010de je na seji prisotna ve\u010dina \u010dlanov odbora. Upravni odbor na svojih sejah odlo\u010da z ve\u010dino glasov vseh \u010dlanov. Upravni odbor o predlogih sklepov glasuje praviloma javno, \u010de se ne odlo\u010di za tajno glasovanje.<\/p>\n<p>VI. SREDSTVA SKLADA<\/p>\n<p>24. \u010dlen<\/p>\n<p>Na\u010din financiranja in pridobivanja sredstev sklada dolo\u010da zakon. Sklad pridobiva sredstva iz prispevkov star\u0161ev, donacij, zapu\u0161\u010din in iz drugih virov. Potrebna sredstva za opravljanje osnovne dejavnosti sklada se opredelijo v letnem programu sklada.<\/p>\n<p>Sredstva sklada se pridobivajo tudi iz drugih virov kot so \u0161olske prireditve, prodaja izdelkov u\u010dencev, zbiranje starega papirja, del najemnin ter donatorska in sponzorska sredstva.<\/p>\n<p>VII. OBVE\u0160\u010cANJE<\/p>\n<p>25. \u010dlen<\/p>\n<p>Svet star\u0161ev in svet \u0161ole morata biti obve\u0161\u010dena (preko poro\u010dila, zgibank, \u010dasopisov, internega televizijskega kanala ali novinarske konference):<\/p>\n<p>\u00b7 o rezultatih ob zaklju\u010dnem ra\u010dunu sklada,<\/p>\n<p>\u00b7 o kazalcih, ki so predpisani z zakoni in drugimi predpisi,<\/p>\n<p>\u00b7 o sklepih organov sklada,<\/p>\n<p>\u00b7 o ugotovitvah kontrolnih organov.<\/p>\n<p>VIII. PREHODNE IN KON\u010cNE DOLO\u010cBE<\/p>\n<p>26. \u010dlen<\/p>\n<p>Pravilnik sklada za\u010dne veljati, ko ga sprejme Upravni odbor sklada.<\/p>\n<p>Pravilnik se objavi na oglasni deski (O\u0160 Mirna, VVE Deteljica in O\u0160PP) in spletni strani Osnovne \u0161ole Mirna.<\/p>\n<p>Predsednik Upravnega odbora \u0160S Mirna<\/p>\n<p>Roman Herman<\/p>\n","protected":false},"excerpt":{"rendered":"<p>\u0160olski sklad osnovne \u0161ole Mirna Cesta na Fu\u017eine 1 8233 Mirna Tel. 073435160 Fax. 073435170 e-naslov: &#111;&#x2d;&#x6d;i&#114;&#x6e;a&#46;&#x6e;&#x6d;&#64;&#103;&#x75;e&#115;&#x74;&#x2e;a&#114;&#x6e;e&#115;&#x2e;&#x73;&#105; V \u0161olskem letu 2006\/2007 smo ustanovili \u0160olski sklad O\u0160 Mirna. Sklad bo ustanovljen z namenom, zagotoviti otrokom&#46;&#46;&#46;<\/p>\n","protected":false},"author":5692,"featured_media":0,"parent":0,"menu_order":0,"comment_status":"open","ping_status":"open","template":"","meta":{"ngg_post_thumbnail":0,"footnotes":""},"class_list":["post-98","page","type-page","status-publish","hentry"],"_links":{"self":[{"href":"https:\/\/osmirna.splet.arnes.si\/index.php?rest_route=\/wp\/v2\/pages\/98","targetHints":{"allow":["GET"]}}],"collection":[{"href":"https:\/\/osmirna.splet.arnes.si\/index.php?rest_route=\/wp\/v2\/pages"}],"about":[{"href":"https:\/\/osmirna.splet.arnes.si\/index.php?rest_route=\/wp\/v2\/types\/page"}],"author":[{"embeddable":true,"href":"https:\/\/osmirna.splet.arnes.si\/index.php?rest_route=\/wp\/v2\/users\/5692"}],"replies":[{"embeddable":true,"href":"https:\/\/osmirna.splet.arnes.si\/index.php?rest_route=%2Fwp%2Fv2%2Fcomments&post=98"}],"version-history":[{"count":1,"href":"https:\/\/osmirna.splet.arnes.si\/index.php?rest_route=\/wp\/v2\/pages\/98\/revisions"}],"predecessor-version":[{"id":99,"href":"https:\/\/osmirna.splet.arnes.si\/index.php?rest_route=\/wp\/v2\/pages\/98\/revisions\/99"}],"wp:attachment":[{"href":"https:\/\/osmirna.splet.arnes.si\/index.php?rest_route=%2Fwp%2Fv2%2Fmedia&parent=98"}],"curies":[{"name":"wp","href":"https:\/\/api.w.org\/{rel}","templated":true}]}}